 + 34324 + 23407 = 5*i, 2*x + 5*i - 28873 = 0. Calculate the highest common factor of 1228 and x.
307
Suppose 0 = 4*o + 3*b - 531 - 426, -239 = -o - b. What is the greatest common factor of 390 and o?
30
Let i(p) = -2625*p - 3897. Let o be i(-4). Calculate the highest common divisor of 93 and o.
93
Let f = 20591 + 10088. Suppose f + 24937 = 44*y. What is the greatest common divisor of y and 79?
79
Let j(r) = -39*r**2 - 2 + 160*r**2 - 2 + 3*r. Let a be j(2). What is the greatest common divisor of 54 and a?
54
Let d = 2 + 18. Suppose -3*i - 68 = -2*i - 5*v, 4*v = 5*i + 319. Let h = -3 - i. Calculate the highest common factor of h and d.
20
Suppose -102*m = -111*m + 774. Calculate the highest common divisor of 301 and m.
43
Let m = -6476 + 6725. Calculate the highest common factor of m and 24.
3
Let h(t) = -t**3 + 25*t**2 - 22*t - 36. Let s be h(24). Suppose 2*f = s - 2. Suppose -f*n = -25 - 50. What is the greatest common factor of n and 15?
15
Suppose -9201 = 129*h - 14748. Let b = 335 - -353. Calculate the greatest common divisor of b and h.
43
Suppose 5*o - 159*c = -155*c + 2183, -3*o + 4*c = -1313. Calculate the highest common divisor of o and 29.
29
Let f be (2688/(-40))/(18/(-1125)). What is the highest common factor of f and 231?
21
Suppose -22 - 5 = -3*l. Let z(u) = -17*u**2 + 243. Let x be (124 + -125)*(0 - 0)/2. Let a be z(x). Calculate the greatest common factor of a and l.
9
Let g = 15657 + -15421. Let o be -1 - 0 - -5*1. Calculate the greatest common factor of g and o.
4
Suppose -5*w = 5*j - 9*w + 30, j + 5*w = -6. Let u be j/4*270/(-5). Calculate the highest common divisor of u and 270.
27
Suppose 5*k + 1543*s - 6313 = 1539*s, 5*s = 5*k - 6340. Calculate the highest common divisor of 17204 and k.
253
Suppose 21545 = c + 21447. What is the greatest common factor of c and 14?
14
Let j = -337 - -363. Let f be (2 - 7) + 495 - 9. What is the greatest common divisor of j and f?
13
Suppose 8*g - 86 - 10 = 0. Let b be (g/(-18))/(-4*(-1)/(-30)). Suppose -b*j - 4*i = -4*j - 15, -4*j - 5*i = -27. What is the highest common factor of j and 24?
3
Let g(j) = -j**3 + 47*j**2 - 43*j - 135. Let v be g(46). Calculate the highest common divisor of 10 and v.
1
Let c be (2/8)/((-1)/(-644)). Let f be 16/(-24)*9 + c. Calculate the greatest common divisor of 5 and f.
5
Suppose -6*z = 24611 - 24623. What is the highest common divisor of 3622 and z?
2
Suppose 8*c - 120 = 32*c. Let k be 2*(0/c + 20 + 1). What is the greatest common divisor of 6 and k?
6
Suppose b = 2*u - 367, b + 6*b + 534 = 3*u. Let d(o) = o**2 - o - 5. Let f be d(-6). Calculate the greatest common divisor of f and u.
37
Let h be (-51136)/48*(-9)/6. What is the greatest common divisor of h and 376?
94
Suppose -20*k = 10*k - 330. Suppose 7*m + k = 8*m. Calculate the highest common divisor of 44 and m.
11
Suppose -9*t - f - 226 = -10*t, 6*f = t - 251. What is the highest common divisor of t and 13?
13
Let w(g) = 271*g - 1080. Let j be w(4). Calculate the highest common divisor of j and 106.
2
Let x be (-15223)/(1 - 14) - 5. Calculate the highest common divisor of 44 and x.
22
Suppose 5*b = 199 + 106. Let p = b - 57. Calculate the highest common divisor of p and 8.
4
Let z = 28701 + -27000. What is the highest common factor of 56 and z?
7
Let s be (70 + 0 + 2)*(-59)/(-118). Let w(v) = v**3 + 7*v**2 + 3*v + 9. Let u be w(-6). Calculate the highest common factor of s and u.
9
Suppose -4*k + 319 = 5*w + 253, -2*w = -12. Let d be -1 + 4 - 1 - -2. Let i = -1 + d. Calculate the highest common divisor of k and i.
3
Let d(n) = 3*n**2 + 2*n - 3. Let y be d(-3). Suppose -654*b = -638*b - 144. Let i = y - b. Calculate the highest common divisor of 6 and i.
3
Let l be (-25)/(-3)*(174 - 87). Calculate the greatest common divisor of l and 290.
145
Suppose 0 = -406*q - 101456 + 113230. Suppose 6*v = 4*v. Suppose 0 = 4*j - v*j - 580. What is the highest common divisor of q and j?
29
Let a = 342 + -342. Suppose -q - b + 7 = -a*q, -5*q + 5*b - 5 = 0. Calculate the highest common factor of 81 and q.
3
Let j = 867 - 426. Let m = j + -431. Calculate the greatest common factor of m and 5.
5
Let y = 64 - 64. Suppose -6*x - 13*x + 152 = y. Calculate the highest common divisor of x and 224.
8
Let w(v) = -v + 9. Let z be w(4). Let j be (0 - (z/3 + -2))*33. Suppose -3*l + 23 = j. Calculate the greatest common factor of 2 and l.
2
Suppose 2*t - 412 = -2*b, 324 = -5*b - 2*t + 1360. Suppose -4*l + b = 22*l. What is the greatest common divisor of l and 296?
8
Suppose 0 = 153*l - 146*l - 2464. Suppose -l = -19*t + 11*t. Calculate the highest common factor of 110 and t.
22
Suppose 111*k = 4*k + 12840. Calculate the greatest common factor of k and 440.
40
Let k(i) = -4*i + 14. Let s be k(9). Let y = s - -22. Suppose 3*o - 44 + 5 = y. What is the greatest common divisor of o and 143?
13
Suppose -4*i + i - 4*o + 437 = 0, 2*i + 2*o = 290. Suppose 4*l = 6*l. Suppose l*b + 4*x + 45 = 3*b, b - 17 = 2*x. What is the highest common factor of i and b?
11
Suppose 4*m = -4*q - 0*m - 48, -5*q - 25 = -2*m. Let h = q - -5. Let w be 180/24*(-4)/h. What is the greatest common factor of w and 5?
5
Suppose 2*s = 5*o + 131, 3*s + 37*o - 193 = 41*o. Calculate the greatest common factor of s and 840.
21
Let k = 520 + -512. Let b(j) be the third derivative of -71*j**4/24 - j**3 + 2*j**2. Let h be b(-2). What is the greatest common factor of h and k?
8
Suppose 0*r = 4*r - 124. Let l(q) = 6*q - 101. Let x be l(20). Suppose r = 3*o + x. What is the greatest common factor of 1 and o?
1
Suppose -12972 = 97*z - 125007. What is the greatest common divisor of z and 315?
105
Let v = 71 + -60. Suppose 0 = i - 3*l + 184 + v, -5*i - 2*l = 992. Let g = i + 494. Calculate the greatest common divisor of 37 and g.
37
Suppose 2751 + 4113 = 33*c. What is the greatest common factor of c and 26?
26
Suppose -468 = -51*h + 47*h. Suppose 3*i - h = 81. Suppose -2*t = -i + 10. What is the greatest common factor of t and 112?
28
Suppose -s + 96 = -325. Suppose -5*j = -5, -7*d + j - s = -6*d. Let w be (d/1)/(-4) + (-9)/(-3). What is the highest common divisor of 54 and w?
54
Suppose 0 = -2*d - 4*d - 5*d + 6336. What is the greatest common divisor of d and 9?
9
Let i(w) be the third derivative of w**4/12 - 3*w**3 - 4*w**2 - 15*w. Let r be i(10). Calculate the highest common factor of 4 and r.
2
Let i = -27 - -27. Suppose 0 = -19*q + 11*q + 2184. Suppose 4*n = -y + 221, -5*n + 5*y - 3*y + q = i. Calculate the greatest common divisor of 5 and n.
5
Suppose -2*k + 16 = 14*l - 16*l, -k - 12 = 4*l. Suppose 403 = k*x - i, -3*x - 2*i - 106 = -4*x. Calculate the greatest common divisor of x and 25.
25
Let z be 122/(-427) - (-172)/14. Suppose 3*i - 2*d - z = 2*i, 0 = -5*i + d + 69. What is the greatest common divisor of 154 and i?
14
Let o(i) = -20 + 16*i - 94*i - 9 - 44*i + 8. Let q be o(-3). Calculate the highest common factor of 69 and q.
69
Suppose 2*f - 4*d = -238, d - 383 + 11 = 3*f. Let c = 6 - f. Suppose 189 = p + 2*p + 5*j, -c = -2*p - 5*j. What is the greatest common factor of p and 174?
58
Let i = -117 - -128. Let w(o) = -o**3 + 14*o**2 + 5*o + 41. Let m be w(i). Calculate the highest common factor of 51 and m.
51
Let d be (-648)/(-16) + (-40)/16. Suppose -x = 5*o - 6*o - d, x + 4*o = 58. Calculate the highest common factor of 1134 and x.
42
Let y(d) = 34*d**2 - 154*d - 2666. Let m be y(-16). What is the highest common divisor of m and 78?
78
Suppose 0 = -86*w + 110353 + 45479. Calculate the highest common factor of w and 180.
12
Let i be 871 - (-2 + 3)*(10 - 13). What is the greatest common factor of 76 and i?
38
Let f be (-1542)/(-7) + (-2)/7. Let n = 74532 + -74492. Calculate the greatest common factor of f and n.
20
Suppose -3*k + 6 - 6 = 2*k, -44*i = 3*k - 22264. Suppose 2*n + 3*x - 10 = 0, -3*x = 2*n + n - 21. What is the greatest common divisor of n and i?
11
Suppose 5*i - 3*a + 6*a = 0, 3*i + a = 4. Let r = -226 - -229. Let m be (r - 3) + -6*(-7)/42. Calculate the greatest common divisor of i and m.
1
Let f = -13093 + 13165. What is the highest common factor of f and 558?
18
Let l(b) = 4*b - 145. Let j be l(-25). Let p = 246 + j. Calculate the greatest common divisor of p and 3.
1
Let i(b) be the third derivative of -11*b**2 - 5/6*b**3 - 1/3*b**4 + 0*b - 1/60*b*